{"id":579,"date":"2026-03-17T12:00:52","date_gmt":"2026-03-17T11:00:52","guid":{"rendered":"https:\/\/010school.bbsw-worms.de\/?page_id=579"},"modified":"2026-03-19T10:03:06","modified_gmt":"2026-03-19T09:03:06","slug":"veranstaltungen","status":"publish","type":"page","link":"https:\/\/010school.bbsw-worms.de\/?page_id=579","title":{"rendered":"Veranstaltungen"},"content":{"rendered":"\t\t<div data-elementor-type=\"wp-page\" data-elementor-id=\"579\" class=\"elementor elementor-579\">\n\t\t\t\t<div class=\"elementor-element elementor-element-f030b69 e-flex e-con-boxed e-con e-parent\" data-id=\"f030b69\" data-element_type=\"container\" data-e-type=\"container\">\n\t\t\t\t\t<div class=\"e-con-inner\">\n\t\t\t\t<div class=\"elementor-element elementor-element-74ca8c8 elementor-widget elementor-widget-text-editor\" data-id=\"74ca8c8\" data-element_type=\"widget\" data-e-type=\"widget\" data-widget_type=\"text-editor.default\">\n\t\t\t\t\t\t\t\t\t<p>Brio ist mehr als ein Coffee Shop \u2013 es ist ein Ort f\u00fcr Begegnung, Inspiration und besondere Momente<br data-start=\"325\" data-end=\"328\" \/>Unsere Veranstaltungen bringen Menschen zusammen und machen jeden Besuch zu etwas Besonderem<\/p>\t\t\t\t\t\t\t\t<\/div>\n\t\t\t\t\t<\/div>\n\t\t\t\t<\/div>\n\t\t<div class=\"elementor-element elementor-element-ebe4535 e-flex e-con-boxed e-con e-parent\" data-id=\"ebe4535\" data-element_type=\"container\" data-e-type=\"container\">\n\t\t\t\t\t<div class=\"e-con-inner\">\n\t\t\t\t<div class=\"elementor-element elementor-element-d857019 elementor-widget elementor-widget-heading\" data-id=\"d857019\" data-element_type=\"widget\" data-e-type=\"widget\" data-widget_type=\"heading.default\">\n\t\t\t\t\t<h2 class=\"elementor-heading-title elementor-size-default\">Coffee Tastings<\/h2>\t\t\t\t<\/div>\n\t\t\t\t\t<\/div>\n\t\t\t\t<\/div>\n\t\t<div class=\"elementor-element elementor-element-55a5fec e-flex e-con-boxed e-con e-parent\" data-id=\"55a5fec\" data-element_type=\"container\" data-e-type=\"container\">\n\t\t\t\t\t<div class=\"e-con-inner\">\n\t\t\t\t<div class=\"elementor-element elementor-element-923a750 elementor-widget elementor-widget-text-editor\" data-id=\"923a750\" data-element_type=\"widget\" data-e-type=\"widget\" data-widget_type=\"text-editor.default\">\n\t\t\t\t\t\t\t\t\t<p>Erlebe die Vielfalt unserer Brio Kaffeebohnen und entdecke, wie sich Herkunft, R\u00f6stung und Zubereitung auf den Geschmack auswirken. Unter Anleitung unserer Baristas lernst du, die feinen Aromen zu erkennen \u2013 vom milden Filterkaffee bis zum intensiven Espresso. Ideal f\u00fcr alle, die ihren Kaffee bewusster genie\u00dfen m\u00f6chten.<\/p>\t\t\t\t\t\t\t\t<\/div>\n\t\t\t\t\t<\/div>\n\t\t\t\t<\/div>\n\t\t<div class=\"elementor-element elementor-element-0b02c5c e-flex e-con-boxed e-con e-parent\" data-id=\"0b02c5c\" data-element_type=\"container\" data-e-type=\"container\">\n\t\t\t\t\t<div class=\"e-con-inner\">\n\t\t\t\t<div class=\"elementor-element elementor-element-a754caa elementor-widget elementor-widget-heading\" data-id=\"a754caa\" data-element_type=\"widget\" data-e-type=\"widget\" data-widget_type=\"heading.default\">\n\t\t\t\t\t<h2 class=\"elementor-heading-title elementor-size-default\">Barista Workshops<\/h2>\t\t\t\t<\/div>\n\t\t\t\t\t<\/div>\n\t\t\t\t<\/div>\n\t\t<div class=\"elementor-element elementor-element-65837c4 e-flex e-con-boxed e-con e-parent\" data-id=\"65837c4\" data-element_type=\"container\" data-e-type=\"container\">\n\t\t\t\t\t<div class=\"e-con-inner\">\n\t\t\t\t<div class=\"elementor-element elementor-element-d1a3b6b elementor-widget elementor-widget-text-editor\" data-id=\"d1a3b6b\" data-element_type=\"widget\" data-e-type=\"widget\" data-widget_type=\"text-editor.default\">\n\t\t\t\t\t\t\t\t\t<p>Lerne die Geheimnisse professioneller Kaffeezubereitung:<\/p>\n<p>Espresso &amp; Cappuccino richtig zubereiten<\/p>\n<p>Cremigen Milchschaum zaubern<\/p>\n<p>Latte Art Techniken ausprobieren<\/p>\n<p>Unsere Workshops sind praxisnah und machen Spa\u00df \u2013 perfekt f\u00fcr Einsteiger und alle, die mehr \u00fcber Kaffee erfahren wollen<\/p><p><br><\/p>\t\t\t\t\t\t\t\t<\/div>\n\t\t\t\t\t<\/div>\n\t\t\t\t<\/div>\n\t\t<div class=\"elementor-element elementor-element-9e1c126 e-flex e-con-boxed e-con e-parent\" data-id=\"9e1c126\" data-element_type=\"container\" data-e-type=\"container\">\n\t\t\t\t\t<div class=\"e-con-inner\">\n\t\t\t\t<div class=\"elementor-element elementor-element-e20992c elementor-widget elementor-widget-heading\" data-id=\"e20992c\" data-element_type=\"widget\" data-e-type=\"widget\" data-widget_type=\"heading.default\">\n\t\t\t\t\t<h2 class=\"elementor-heading-title elementor-size-default\">Matcha Tastings<\/h2>\t\t\t\t<\/div>\n\t\t\t\t\t<\/div>\n\t\t\t\t<\/div>\n\t\t<div class=\"elementor-element elementor-element-0a433a4 e-flex e-con-boxed e-con e-parent\" data-id=\"0a433a4\" data-element_type=\"container\" data-e-type=\"container\">\n\t\t\t\t\t<div class=\"e-con-inner\">\n\t\t\t\t<div class=\"elementor-element elementor-element-f976461 elementor-widget elementor-widget-text-editor\" data-id=\"f976461\" data-element_type=\"widget\" data-e-type=\"widget\" data-widget_type=\"text-editor.default\">\n\t\t\t\t\t\t\t\t\t<p>Vergleiche verschiedene Matcha-Qualit\u00e4ten und finde deinen Favoriten. Dabei erkl\u00e4ren wir Herkunft, Geschmack und Zubereitung. Ein besonderes Erlebnis f\u00fcr alle Matcha-Liebhaber und Neugierige<\/p><p><br><\/p>\t\t\t\t\t\t\t\t<\/div>\n\t\t\t\t\t<\/div>\n\t\t\t\t<\/div>\n\t\t<div class=\"elementor-element elementor-element-a80ef2c e-flex e-con-boxed e-con e-parent\" data-id=\"a80ef2c\" data-element_type=\"container\" data-e-type=\"container\">\n\t\t\t\t\t<div class=\"e-con-inner\">\n\t\t\t\t<div class=\"elementor-element elementor-element-91c73a8 elementor-widget elementor-widget-heading\" data-id=\"91c73a8\" data-element_type=\"widget\" data-e-type=\"widget\" data-widget_type=\"heading.default\">\n\t\t\t\t\t<h2 class=\"elementor-heading-title elementor-size-default\">Matcha Workshops<\/h2>\t\t\t\t<\/div>\n\t\t\t\t\t<\/div>\n\t\t\t\t<\/div>\n\t\t<div class=\"elementor-element elementor-element-5e5b0d0 e-flex e-con-boxed e-con e-parent\" data-id=\"5e5b0d0\" data-element_type=\"container\" data-e-type=\"container\">\n\t\t\t\t\t<div class=\"e-con-inner\">\n\t\t\t\t<div class=\"elementor-element elementor-element-6243af4 elementor-widget elementor-widget-text-editor\" data-id=\"6243af4\" data-element_type=\"widget\" data-e-type=\"widget\" data-widget_type=\"text-editor.default\">\n\t\t\t\t\t\t\t\t\t<p>Tauche ein in die Welt des Matcha. Unsere Baristas zeigen dir, wie du die traditionelle Zubereitung meisterst und gleichzeitig kreative Matcha-Variationen zaubern kannst \u2013 ob Latte, Smoothie oder Dessert.<\/p><p><br><\/p>\t\t\t\t\t\t\t\t<\/div>\n\t\t\t\t\t<\/div>\n\t\t\t\t<\/div>\n\t\t<div class=\"elementor-element elementor-element-ea5c568 e-flex e-con-boxed e-con e-parent\" data-id=\"ea5c568\" data-element_type=\"container\" data-e-type=\"container\">\n\t\t\t\t\t<div class=\"e-con-inner\">\n\t\t\t\t<div class=\"elementor-element elementor-element-e233c0e elementor-widget elementor-widget-heading\" data-id=\"e233c0e\" data-element_type=\"widget\" data-e-type=\"widget\" data-widget_type=\"heading.default\">\n\t\t\t\t\t<h2 class=\"elementor-heading-title elementor-size-default\">Community &amp; Lifestyle Events<\/h2>\t\t\t\t<\/div>\n\t\t\t\t\t<\/div>\n\t\t\t\t<\/div>\n\t\t<div class=\"elementor-element elementor-element-b0ce965 e-flex e-con-boxed e-con e-parent\" data-id=\"b0ce965\" data-element_type=\"container\" data-e-type=\"container\">\n\t\t\t\t\t<div class=\"e-con-inner\">\n\t\t\t\t<div class=\"elementor-element elementor-element-85770bd elementor-widget elementor-widget-text-editor\" data-id=\"85770bd\" data-element_type=\"widget\" data-e-type=\"widget\" data-widget_type=\"text-editor.default\">\n\t\t\t\t\t\t\t\t\t<h4 data-start=\"1690\" data-end=\"1718\"><strong data-start=\"1695\" data-end=\"1716\">Live Music Nights<\/strong><\/h4>\n<p data-start=\"1719\" data-end=\"1906\">Entspanne bei sanfter Live-Musik, w\u00e4hrend du deinen Lieblingskaffee genie\u00dft. Lokale Musiker sorgen f\u00fcr die perfekte Atmosph\u00e4re \u2013 ein Abend voller Genuss, guter Stimmung und Begegnungen<\/p>\n<h4 data-start=\"1908\" data-end=\"1934\"><strong data-start=\"1913\" data-end=\"1932\">Open Mic Nights<\/strong><\/h4>\n<p data-start=\"1935\" data-end=\"2070\">Deine B\u00fchne f\u00fcr Musik, Poetry oder Comedy. Zeige dein Talent oder genie\u00dfe die Kreativit\u00e4t anderer \u2013 hier trifft Community auf Kultur<\/p>\n<h4 data-start=\"2072\" data-end=\"2105\"><strong data-start=\"2077\" data-end=\"2103\">Brio Community Meetups<\/strong><\/h4>\n<p><\/p>\n<p data-start=\"2106\" data-end=\"2285\">Vernetze dich mit Gleichgesinnten. Ob Kaffee-Enthusiasten, kreative K\u00f6pfe oder einfach Leute, die den Brio-Vibe lieben \u2013 hier entstehen Gespr\u00e4che, Ideen und neue Freundschaften<\/p><p data-start=\"2106\" data-end=\"2285\"><br><\/p>\t\t\t\t\t\t\t\t<\/div>\n\t\t\t\t\t<\/div>\n\t\t\t\t<\/div>\n\t\t<div class=\"elementor-element elementor-element-194925c e-flex e-con-boxed e-con e-parent\" data-id=\"194925c\" data-element_type=\"container\" data-e-type=\"container\">\n\t\t\t\t\t<div class=\"e-con-inner\">\n\t\t\t\t<div class=\"elementor-element elementor-element-9757f84 elementor-widget elementor-widget-heading\" data-id=\"9757f84\" data-element_type=\"widget\" data-e-type=\"widget\" data-widget_type=\"heading.default\">\n\t\t\t\t\t<h2 class=\"elementor-heading-title elementor-size-default\">Kreative Events<\/h2>\t\t\t\t<\/div>\n\t\t\t\t\t<\/div>\n\t\t\t\t<\/div>\n\t\t<div class=\"elementor-element elementor-element-9d0e405 e-flex e-con-boxed e-con e-parent\" data-id=\"9d0e405\" data-element_type=\"container\" data-e-type=\"container\">\n\t\t\t\t\t<div class=\"e-con-inner\">\n\t\t\t\t<div class=\"elementor-element elementor-element-975badb elementor-widget elementor-widget-text-editor\" data-id=\"975badb\" data-element_type=\"widget\" data-e-type=\"widget\" data-widget_type=\"text-editor.default\">\n\t\t\t\t\t\t\t\t\t<h4 data-start=\"2316\" data-end=\"2339\"><strong data-start=\"2321\" data-end=\"2337\">Art &amp; Coffee<\/strong><\/h4>\n<p data-start=\"2340\" data-end=\"2517\">Kunst trifft Kaffee: Lerne lokale K\u00fcnstler kennen oder gestalte selbst kleine Kunstwerke, w\u00e4hrend du unsere Brio Coffee Edition genie\u00dft. Kreativit\u00e4t und Genuss in einem Event!<\/p>\n<h4 data-start=\"2519\" data-end=\"2552\"><strong data-start=\"2524\" data-end=\"2550\">Work &amp; Create Sessions<\/strong><\/h4>\n<p><\/p>\n<p data-start=\"2553\" data-end=\"2703\">Unser Caf\u00e9 als inspirierender Workspace: arbeite, lerne oder entwickle Ideen in entspannter Atmosph\u00e4re, umgeben von Brio Kaffee und Community-Vibes.<\/p><p data-start=\"2553\" data-end=\"2703\"><br><\/p>\t\t\t\t\t\t\t\t<\/div>\n\t\t\t\t\t<\/div>\n\t\t\t\t<\/div>\n\t\t<div class=\"elementor-element elementor-element-90298db e-flex e-con-boxed e-con e-parent\" data-id=\"90298db\" data-element_type=\"container\" data-e-type=\"container\">\n\t\t\t\t\t<div class=\"e-con-inner\">\n\t\t\t\t<div class=\"elementor-element elementor-element-8b51cd6 elementor-widget elementor-widget-heading\" data-id=\"8b51cd6\" data-element_type=\"widget\" data-e-type=\"widget\" data-widget_type=\"heading.default\">\n\t\t\t\t\t<h2 class=\"elementor-heading-title elementor-size-default\">Private Events<\/h2>\t\t\t\t<\/div>\n\t\t\t\t\t<\/div>\n\t\t\t\t<\/div>\n\t\t<div class=\"elementor-element elementor-element-5c0fabc e-flex e-con-boxed e-con e-parent\" data-id=\"5c0fabc\" data-element_type=\"container\" data-e-type=\"container\">\n\t\t\t\t\t<div class=\"e-con-inner\">\n\t\t\t\t<div class=\"elementor-element elementor-element-c4ed9e3 elementor-widget elementor-widget-text-editor\" data-id=\"c4ed9e3\" data-element_type=\"widget\" data-e-type=\"widget\" data-widget_type=\"text-editor.default\">\n\t\t\t\t\t\t\t\t\t<p>Du m\u00f6chtest selbst eine Feier organisieren?<br data-start=\"2776\" data-end=\"2779\">Unsere Locations stehen f\u00fcr:<\/p>\n<p><b>Geburtstage<\/b><\/p>\n<p><b>Firmen-Events<\/b><\/p>\n<p><b>Kleine Feiern &amp; Workshops<\/b><\/p>\n<p>Wir k\u00fcmmern uns um Kaffee, Snacks und Ambiente \u2013 du genie\u00dft den Moment mit deinen G\u00e4sten<b><\/b><\/p><p><br><\/p>\t\t\t\t\t\t\t\t<\/div>\n\t\t\t\t\t<\/div>\n\t\t\t\t<\/div>\n\t\t<div class=\"elementor-element elementor-element-de38fb1 e-flex e-con-boxed e-con e-parent\" data-id=\"de38fb1\" data-element_type=\"container\" data-e-type=\"container\">\n\t\t\t\t\t<div class=\"e-con-inner\">\n\t\t\t\t<div class=\"elementor-element elementor-element-4a8365f elementor-widget__width-initial elementor-widget elementor-widget-text-editor\" data-id=\"4a8365f\" data-element_type=\"widget\" data-e-type=\"widget\" data-widget_type=\"text-editor.default\">\n\t\t\t\t\t\t\t\t\t<p><b><u><i>In allen Filialen<\/i><\/u><\/b><img decoding=\"async\" draggable=\"false\" role=\"img\" class=\"emoji\" alt=\"\ud83d\udccd\" src=\"https:\/\/s.w.org\/images\/core\/emoji\/17.0.2\/svg\/1f4cd.svg\"><\/p><p>Alle Veranstaltungen finden regelm\u00e4\u00dfig in <strong data-start=\"3041\" data-end=\"3074\">verschiedenen Brio Standorten<\/strong> statt.<br data-start=\"3081\" data-end=\"3084\">\nSo hast du immer die M\u00f6glichkeit, einen Event in deiner N\u00e4he zu besuchen<\/p>\t\t\t\t\t\t\t\t<\/div>\n\t\t\t\t\t<\/div>\n\t\t\t\t<\/div>\n\t\t<div class=\"elementor-element elementor-element-73f8868 e-flex e-con-boxed e-con e-parent\" data-id=\"73f8868\" data-element_type=\"container\" data-e-type=\"container\">\n\t\t\t\t\t<div class=\"e-con-inner\">\n\t\t\t\t\t<\/div>\n\t\t\t\t<\/div>\n\t\t\t\t<\/div>\n\t\t","protected":false},"excerpt":{"rendered":"<p>Brio ist mehr als ein Coffee Shop \u2013 es ist ein Ort f\u00fcr Begegnung, Inspiration und besondere MomenteUnsere Veranstaltungen bringen Menschen zusammen und machen jeden Besuch zu etwas Besonderem Coffee [&hellip;]<\/p>\n","protected":false},"author":2,"featured_media":0,"parent":0,"menu_order":0,"comment_status":"closed","ping_status":"closed","template":"","meta":{"_price":"","_stock":"","_tribe_ticket_header":"","_tribe_default_ticket_provider":"","_tribe_ticket_capacity":"0","_ticket_start_date":"","_ticket_end_date":"","_tribe_ticket_show_description":"","_tribe_ticket_show_not_going":false,"_tribe_ticket_use_global_stock":"","_tribe_ticket_global_stock_level":"","_global_stock_mode":"","_global_stock_cap":"","_tribe_rsvp_for_event":"","_tribe_ticket_going_count":"","_tribe_ticket_not_going_count":"","_tribe_tickets_list":"[]","_tribe_ticket_has_attendee_info_fields":false,"footnotes":"","_tec_slr_enabled":"","_tec_slr_layout":""},"class_list":["post-579","page","type-page","status-publish","hentry"],"ticketed":false,"_links":{"self":[{"href":"https:\/\/010school.bbsw-worms.de\/index.php?rest_route=\/wp\/v2\/pages\/579","targetHints":{"allow":["GET"]}}],"collection":[{"href":"https:\/\/010school.bbsw-worms.de\/index.php?rest_route=\/wp\/v2\/pages"}],"about":[{"href":"https:\/\/010school.bbsw-worms.de\/index.php?rest_route=\/wp\/v2\/types\/page"}],"author":[{"embeddable":true,"href":"https:\/\/010school.bbsw-worms.de\/index.php?rest_route=\/wp\/v2\/users\/2"}],"replies":[{"embeddable":true,"href":"https:\/\/010school.bbsw-worms.de\/index.php?rest_route=%2Fwp%2Fv2%2Fcomments&post=579"}],"version-history":[{"count":10,"href":"https:\/\/010school.bbsw-worms.de\/index.php?rest_route=\/wp\/v2\/pages\/579\/revisions"}],"predecessor-version":[{"id":663,"href":"https:\/\/010school.bbsw-worms.de\/index.php?rest_route=\/wp\/v2\/pages\/579\/revisions\/663"}],"wp:attachment":[{"href":"https:\/\/010school.bbsw-worms.de\/index.php?rest_route=%2Fwp%2Fv2%2Fmedia&parent=579"}],"curies":[{"name":"wp","href":"https:\/\/api.w.org\/{rel}","templated":true}]}}